mmon divisor of 8920 and 110?
10
What is the highest common divisor of 2739 and 66?
33
What is the greatest common factor of 101 and 1111?
101
Calculate the greatest common divisor of 3495 and 15.
15
Calculate the greatest common factor of 1799 and 42.
7
Calculate the greatest common divisor of 1026 and 6.
6
What is the greatest common divisor of 336 and 10500?
84
What is the greatest common factor of 414 and 108?
18
Calculate the greatest common divisor of 78 and 13299.
39
What is the greatest common factor of 10 and 34?
2
What is the highest common divisor of 2964 and 416?
52
What is the highest common factor of 176 and 24?
8
What is the highest common divisor of 51 and 17?
17
What is the greatest common factor of 40 and 29380?
20
What is the greatest common divisor of 16 and 4?
4
What is the greatest common divisor of 213 and 71?
71
Calculate the greatest common divisor of 8833 and 1089.
121
What is the greatest common factor of 1150 and 92?
46
What is the greatest common factor of 12 and 930?
6
Calculate the greatest common divisor of 316 and 711.
79
What is the greatest common factor of 756 and 819?
63
What is the greatest common factor of 65 and 26?
13
What is the greatest common factor of 99 and 891?
99
What is the highest common factor of 237 and 553?
79
What is the greatest common divisor of 13774 and 388?
194
Calculate the highest common factor of 21 and 9.
3
What is the greatest common divisor of 126 and 525?
21
What is the greatest common factor of 408 and 10744?
136
What is the greatest common divisor of 17 and 11?
1
Calculate the highest common divisor of 20 and 4330.
10
Calculate the highest common factor of 400 and 700.
100
What is the highest common divisor of 332 and 1577?
83
Calculate the highest common divisor of 12 and 54.
6
What is the highest common divisor of 68 and 255?
17
Calculate the greatest common factor of 156 and 12636.
156
What is the highest common factor of 20 and 17620?
20
What is the highest common factor of 172 and 129?
43
Calculate the greatest common factor of 18 and 126.
18
What is the highest common divisor of 4615 and 65?
65
Calculate the highest common divisor of 1818 and 36.
18
What is the highest common divisor of 316 and 79?
79
What is the highest common divisor of 118 and 14?
2
Calculate the highest common divisor of 9 and 225.
9
Calculate the highest common factor of 3 and 939.
3
Calculate the highest common divisor of 2262 and 234.
78
Calculate the highest common factor of 140 and 532.
28
What is the highest common factor of 33 and 7953?
33
What is the greatest common factor of 23 and 256?
1
Calculate the greatest common divisor of 805 and 1995.
35
Calculate the greatest common divisor of 4526 and 438.
146
Calculate the greatest common divisor of 186 and 12.
6
Calculate the greatest common divisor of 168 and 228.
12
What is the highest common divisor of 7 and 1981?
7
What is the greatest common divisor of 5986 and 164?
82
Calculate the greatest common factor of 112 and 3248.
112
Calculate the highest common factor of 24 and 8952.
24
What is the highest common divisor of 2 and 88?
2
What is the greatest common factor of 3724 and 2926?
266
Calculate the highest common divisor of 12 and 3852.
12
What is the highest common divisor of 60 and 1920?
60
Calculate the greatest common factor of 40 and 30.
10
What is the highest common divisor of 70 and 14336?
14
Calculate the greatest common divisor of 133 and 7.
7
Calculate the greatest common factor of 865 and 125.
5
What is the greatest common divisor of 64 and 88?
8
What is the greatest common divisor of 2 and 1569?
1
What is the greatest common factor of 221 and 325?
13
Calculate the greatest common divisor of 10 and 3930.
10
Calculate the greatest common factor of 5560 and 417.
139
Calculate the highest common factor of 56 and 1616.
8
Calculate the highest common factor of 15 and 15195.
15
Calculate the greatest common divisor of 31901 and 73.
73
What is the greatest common factor of 6561 and 162?
81
Calculate the greatest common divisor of 80 and 35.
5
Calculate the greatest common factor of 25 and 5.
5
What is the greatest common divisor of 28 and 18?
2
Calculate the highest common divisor of 420 and 170.
10
What is the highest common divisor of 40 and 1720?
40
What is the greatest common divisor of 95 and 19?
19
Calculate the highest common divisor of 165 and 770.
55
Calculate the greatest common factor of 17 and 2533.
17
What is the highest common factor of 426 and 6?
6
What is the highest common factor of 1920 and 832?
64
Calculate the highest common factor of 5 and 71105.
5
Calculate the greatest common factor of 2200 and 264.
88
Calculate the greatest common factor of 124 and 10292.
124
What is the highest common divisor of 15599 and 19?
19
Calculate the highest common factor of 23 and 736.
23
Calculate the highest common factor of 6348 and 897.
69
Calculate the highest common divisor of 539 and 98.
49
What is the highest common factor of 3 and 153?
3
Calculate the highest common factor of 301 and 43.
43
What is the highest common factor of 338 and 26?
26
Calculate the highest common factor of 3268 and 172.
172
Calculate the highest common factor of 90 and 1494.
18
Calculate the greatest common divisor of 42 and 28.
14
What is the greatest common factor of 231 and 429?
33
What is the greatest common factor of 18 and 384?
6
Calculate the highest common factor of 14 and 9926.
14
What is the highest common divisor of 27 and 13770?
27
What is the greatest common factor of 1008 and 112?
112
Calculate the highest common divisor of 627 and 114.
57
What is the highest common factor of 240 and 35?
5
What is the greatest common divisor of 565 and 904?
113
Calculate the greatest common divisor of 6391 and 2156.
77
What is the highest common factor of 135 and 54?
27
Calculate the highest common factor of 27 and 864.
27
What is the greatest common factor of 156 and 516?
12
Calculate the highest common factor of 64 and 4288.
64
Calculate the greatest common divisor of 11479 and 104.
13
What is the greatest common divisor of 9 and 261?
9
What is the greatest common divisor of 874 and 1840?
46
Calculate the greatest common factor of 2 and 21.
1
What is the highest common divisor of 10 and 310?
10
Calculate the greatest common divisor of 792 and 72.
72
Calculate the highest common divisor of 201 and 134.
67
What is the greatest common divisor of 258 and 602?
86
What is the highest common divisor of 1254 and 2706?
66
What is the highest common factor of 408 and 168?
24
What is the greatest common divisor of 2 and 2?
2
Calculate the highest common divisor of 120 and 12840.
120
What is the highest common factor of 27 and 4509?
27
What is the greatest common divisor of 2023 and 357?
119
What is the greatest common divisor of 13 and 29?
1
Calculate the greatest common factor of 658 and 6.
2
Calculate the highest common factor of 36 and 540.
36
What is the greatest common factor of 24 and 1272?
24
What is the highest common divisor of 1034 and 94?
94
What is the greatest common divisor of 8246 and 19?
19
What is the highest common factor of 207 and 46?
23
What is the greatest common divisor of 74 and 555?
37
What is the highest common divisor of 1 and 67?
1
Calculate the greatest common divisor of 273 and 21.
21
What is the greatest common factor of 99 and 528?
33
What is the greatest common factor of 984 and 48?
24
What is the highest common divisor of 72 and 198?
18
Calculate the highest common factor of 759 and 33.
33
Calculate the highest common factor of 16578 and 216.
54
What is the highest common factor of 2568 and 8?
8
What is the greatest common divisor of 833 and 476?
119
What is the highest common factor of 464 and 290?
58
Calculate the greatest common divisor of 14 and 1883.
7
What is the greatest common divisor of 403 and 155?
31
Calculate the highest common divisor of 172 and 20382.
86
What is the highest common factor of 5707 and 156?
13
What is the highest common factor of 8304 and 144?
48
Calculate the greatest common factor of 354 and 22538.
118
What is the highest common factor of 38000 and 152?
152
What is the greatest common factor of 62 and 527?
31
Calculate the highest common divisor of 136 and 80.
8
What is the greatest common factor o